{"id":18599,"date":"2026-04-28T02:15:52","date_gmt":"2026-04-28T02:15:52","guid":{"rendered":"https:\/\/fabrafinques.com\/property\/local-en-venda-en-ca-naurell08224-2\/"},"modified":"2026-04-28T02:15:55","modified_gmt":"2026-04-28T02:15:55","slug":"venda-de-local-comercial-a-terrassa","status":"publish","type":"property","link":"https:\/\/fabrafinques.com\/ca\/property\/venda-de-local-comercial-a-terrassa\/","title":{"rendered":"Venda de local comercial a Terrassa"},"content":{"rendered":"<p>Local comercial en venda a planta baixa \u2013 446 m\u00b2 amb garatge<\/p>\n<p>Es ven ampli local comercial a planta baixa amb una superf\u00edcie constru\u00efda i \u00fatil de 446 m\u00b2, ideal per a m\u00faltiples activitats comercials, professionals o de serveis.<\/p>\n<p>El local disposa d\u2019una fa\u00e7ana de 18,5 metres i aparador de 4,20 m, que garanteixen una excel\u00b7lent visibilitat i imatge comercial. T\u00e9 una profunditat de 30 metres i una al\u00e7ada de 3,55 metres, oferint un espai molt vers\u00e0til.<\/p>\n<p>L\u2019immoble es troba en bon estat de conservaci\u00f3 i est\u00e0 adaptat a persones amb discapacitat, amb accessos c\u00f2modes i edifici adaptat.<\/p>\n<p>Caracter\u00edstiques principals:<\/p>\n<p>Superf\u00edcie constru\u00efda i \u00fatil: 446 m\u00b2<\/p>\n<p>1 lavabo<\/p>\n<p>Divisions interiors<\/p>\n<p>Aire condicionat (fred i calor)<\/p>\n<p>Calefacci\u00f3 el\u00e8ctrica<\/p>\n<p>Subministraments d\u2019aigua i llum<\/p>\n<p>2 places de garatge<\/p>\n<p>Local exterior<\/p>\n<p>Portes d\u2019acc\u00e9s \u00e0mplies<\/p>\n<p>Edifici adaptat<\/p>\n<p>Planta baixa (una sola planta)<\/p>\n<p>Efici\u00e8ncia energ\u00e8tica:<\/p>\n<p>Consum energ\u00e8tic: D (205,4 kWh\/m\u00b2 any)<\/p>\n<p>Emissions: D (40,9 kg CO\u2082\/m\u00b2 any)<\/p>\n<p>Una excel\u00b7lent oportunitat d\u2019inversi\u00f3 o per establir el teu negoci en un local ampli, funcional i preparat per entrar-hi.<\/p>\n","protected":false},"excerpt":{"rendered":"<p>Local comercial en venda a planta baixa \u2013 446 m\u00b2 amb garatge Es ven ampli local comercial a planta baixa amb una superf\u00edcie constru\u00efda i \u00fatil de 446 m\u00b2, ideal per a m\u00faltiples activitats comercials, professionals o de serveis. El local disposa d\u2019una fa\u00e7ana de 18,5 metres i aparador de 4,20 m, que garanteixen una [&hellip;]<\/p>\n","protected":false},"author":0,"featured_media":18590,"parent":0,"menu_order":0,"template":"","property_type":[226],"property_status":[211],"property_feature":[172,231],"property_label":[],"property_city":[233],"property_area":[241],"class_list":["post-18599","property","type-property","status-publish","has-post-thumbnail","hentry","property_type-local-ca","property_status-en-venda","property_feature-1-ca","property_city-terrassa-ca","property_area-ca-naurell-ca"],"property_meta":{"fave_property_price":["275000.00"],"fave_property_sec_price":["0.00"],"fave_property_size":["446.00"],"fave_property_size_prefix":[""],"fave_property_land":["0.00"],"fave_property_land_postfix":["m\u00b2"],"fave_property_bedrooms":["0"],"fave_property_bathrooms":["1"],"fave_property_map":["Calle Pit\u00e1goras, 40 08224 Terrassa, Barcelona"],"fave_property_id":["58412558516.142600"],"fave_property_zip":["08224"],"fave_featured":["1"],"fave_agent_display_option":[""],"fave_prop_homeslider":["yes"],"fave_floor_plans_enable":[""],"fave_additional_features_enable":["enable"],"fave_multiunit_plans_enable":["disable"],"floor_plans":["a:0:{}"],"fave_multi_units":["a:0:{}"],"additional_features":["a:0:{}"],"fave_agents":[""],"fave_property_map_address":[""],"fave_property_location":["41.566475,2.0047882,14"],"houzez_geolocation_lat":["41.566475"],"houzez_geolocation_long":["2.0047882"],"fave_property_garage":["1"],"fave_property_garage_size":[""],"fave_property_year":[""],"fave_property_images":["https:\/\/fotoshs.imghs.net\/ext\/1426\/58412558516.142600\/1426_58412558516_989d6321-8627-40c8-b873-c5cfc0f9390f.jpg","18590","18551","18554","18557","18566","18569","18572","18575","18578","18581","18584","18587","18593","18601","18604"],"_vc_post_settings":["a:0:{}"],"fave_property_price_postfix":["m\u00b2"],"fave_property_country":["ES"],"fave_video_url":[""],"fave_video_image":[""],"fave_property_address":["Calle Pit\u00e1goras, 40"],"houzez_total_property_views":["1"],"houzez_views_by_date":["a:1:{s:10:\"04-28-2026\";i:1;}"],"fave_property_map_street_view":["show"],"fave_payment_status":["not_paid"],"slide_template":["default"],"houzez_recently_viewed":["2026-04-28 04:21:52"],"fave_single_top_area":["global"],"fave_single_content_area":["global"],"_houzez_expiration_date_status":["saved"],"_wpml_media_duplicate":["1"],"_wpml_media_featured":["1"],"_dp_original":["150"],"fave_prop_slider_image":["1608"],"fave_property_agency":["-1"],"fave_rating":["a:0:{}"],"_wpml_word_count":["{\"total\":218,\"to_translate\":{\"en\":218,\"es\":218}}"],"fave_piscina":["No"],"fave_terraza":["No"],"fave_jardin":["No"],"fave_garaje":["S\u00ed"],"fave_ascensor":["No"],"fave_chimenea":["No"],"fave_trastero":["No"],"_wp_page_template":["default"],"_thumbnail_id":["18590"],"fave_attachments":["18590","18551","18554","18557","18566"],"_alp_processed":["1777342555"],"_oembed_418084158bfb6185370edb150ca0818b":["<a class=\"twitter-timeline\" data-width=\"1170\" data-height=\"1000\" data-dnt=\"true\" href=\"https:\/\/twitter.com\/FabraFinques?ref_src=twsrc%5Etfw\">Tweets by FabraFinques<\/a><script async src=\"https:\/\/platform.twitter.com\/widgets.js\" charset=\"utf-8\"><\/script>"],"_oembed_time_418084158bfb6185370edb150ca0818b":["1777342590"]},"_links":{"self":[{"href":"https:\/\/fabrafinques.com\/ca\/wp-json\/wp\/v2\/properties\/18599","targetHints":{"allow":["GET"]}}],"collection":[{"href":"https:\/\/fabrafinques.com\/ca\/wp-json\/wp\/v2\/properties"}],"about":[{"href":"https:\/\/fabrafinques.com\/ca\/wp-json\/wp\/v2\/types\/property"}],"version-history":[{"count":0,"href":"https:\/\/fabrafinques.com\/ca\/wp-json\/wp\/v2\/properties\/18599\/revisions"}],"wp:featuredmedia":[{"embeddable":true,"href":"https:\/\/fabrafinques.com\/ca\/wp-json\/wp\/v2\/media\/18590"}],"wp:attachment":[{"href":"https:\/\/fabrafinques.com\/ca\/wp-json\/wp\/v2\/media?parent=18599"}],"wp:term":[{"taxonomy":"property_type","embeddable":true,"href":"https:\/\/fabrafinques.com\/ca\/wp-json\/wp\/v2\/property_type?post=18599"},{"taxonomy":"property_status","embeddable":true,"href":"https:\/\/fabrafinques.com\/ca\/wp-json\/wp\/v2\/property_status?post=18599"},{"taxonomy":"property_feature","embeddable":true,"href":"https:\/\/fabrafinques.com\/ca\/wp-json\/wp\/v2\/property_feature?post=18599"},{"taxonomy":"property_label","embeddable":true,"href":"https:\/\/fabrafinques.com\/ca\/wp-json\/wp\/v2\/property_label?post=18599"},{"taxonomy":"property_city","embeddable":true,"href":"https:\/\/fabrafinques.com\/ca\/wp-json\/wp\/v2\/property_city?post=18599"},{"taxonomy":"property_area","embeddable":true,"href":"https:\/\/fabrafinques.com\/ca\/wp-json\/wp\/v2\/property_area?post=18599"}],"curies":[{"name":"wp","href":"https:\/\/api.w.org\/{rel}","templated":true}]}}

<p>Local comercial en venda a planta baixa – 446 m² amb garatge</p>
<p>Es ven ampli local comercial a planta baixa amb una superfície construïda i útil de 446 m², ideal per a múltiples activitats comercials, professionals o de serveis.</p>
<p>El local disposa d’una façana de 18,5 metres i aparador de 4,20 m, que garanteixen una excel·lent visibilitat i imatge comercial. Té una profunditat de 30 metres i una alçada de 3,55 metres, oferint un espai molt versàtil.</p>
<p>L’immoble es troba en bon estat de conservació i està adaptat a persones amb discapacitat, amb accessos còmodes i edifici adaptat.</p>
<p>Característiques principals:</p>
<p>Superfície construïda i útil: 446 m²</p>
<p>1 lavabo</p>
<p>Divisions interiors</p>
<p>Aire condicionat (fred i calor)</p>
<p>Calefacció elèctrica</p>
<p>Subministraments d’aigua i llum</p>
<p>2 places de garatge</p>
<p>Local exterior</p>
<p>Portes d’accés àmplies</p>
<p>Edifici adaptat</p>
<p>Planta baixa (una sola planta)</p>
<p>Eficiència energètica:</p>
<p>Consum energètic: D (205,4 kWh/m² any)</p>
<p>Emissions: D (40,9 kg CO₂/m² any)</p>
<p>Una excel·lent oportunitat d’inversió o per establir el teu negoci en un local ampli, funcional i preparat per entrar-hi.</p>

<p>Local comercial en venda a planta baixa – 446 m² amb garatge Es ven ampli local comercial a planta baixa amb una superfície construïda i útil de 446 m², ideal per a múltiples activitats comercials, professionals o de serveis. El local disposa d’una façana de 18,5 metres i aparador de 4,20 m, que garanteixen una [&hellip;]</p>

Calle Pitágoras, 40 08224 Terrassa, Barcelona

Calle Pitágoras, 40

Sí
