{"id":18598,"date":"2026-04-29T02:11:49","date_gmt":"2026-04-29T02:11:49","guid":{"rendered":"https:\/\/fabrafinques.com\/property\/venta-de-local-comercial-en-terrassa\/"},"modified":"2026-04-29T02:11:52","modified_gmt":"2026-04-29T02:11:52","slug":"venta-de-local-comercial-en-terrassa","status":"publish","type":"property","link":"https:\/\/fabrafinques.com\/es\/property\/venta-de-local-comercial-en-terrassa\/","title":{"rendered":"Venta de local comercial en Terrassa"},"content":{"rendered":"<p>Este amplio local comercial en Terrassa se encuentra ubicado en la zona de Ca n&#8217;Aurell. Con una superficie total de 446 m\u00b2, este local destaca por ser adaptado para personas con discapacidad y por contar con caracter\u00edsticas como aire acondicionado (fr\u00edo y calor), calefacci\u00f3n el\u00e9ctrica, escaparate, garaje para 2 veh\u00edculos y una excelente accesibilidad. El local est\u00e1 en buen estado de conservaci\u00f3n y tiene divisiones interiores. Con una altura de 3,55 m, este local en planta baja es exterior y cuenta con una amplia fachada de 18,5 metros. No pierdas la oportunidad de adquirir este local con un nivel energ\u00e9tico de emisiones D y un nivel energ\u00e9tico de consumo D, ideal para tu negocio.<\/p>\n","protected":false},"excerpt":{"rendered":"<p>Este amplio local comercial en Terrassa se encuentra ubicado en la zona de Ca n&#8217;Aurell. Con una superficie total de 446 m\u00b2, este local destaca por ser adaptado para personas con discapacidad y por contar con caracter\u00edsticas como aire acondicionado (fr\u00edo y calor), calefacci\u00f3n el\u00e9ctrica, escaparate, garaje para 2 veh\u00edculos y una excelente accesibilidad. El [&hellip;]<\/p>\n","protected":false},"author":0,"featured_media":18591,"parent":0,"menu_order":0,"template":"","property_type":[204],"property_status":[203],"property_feature":[172,230],"property_label":[],"property_city":[232],"property_area":[240],"class_list":["post-18598","property","type-property","status-publish","has-post-thumbnail","hentry","property_type-local","property_status-en-venta","property_feature-1-es","property_city-terrassa-es","property_area-ca-naurell-es"],"property_meta":{"fave_property_price":["275000.00"],"fave_property_sec_price":["0.00"],"fave_property_size":["446.00"],"fave_property_size_prefix":[""],"fave_property_land":["0.00"],"fave_property_land_postfix":["m\u00b2"],"fave_property_bedrooms":["0"],"fave_property_bathrooms":["1"],"fave_property_map":["Calle Pit\u00e1goras, 40 08224 Terrassa, Barcelona"],"fave_property_id":["58412558516.142600"],"fave_property_zip":["08224"],"fave_featured":["1"],"fave_agent_display_option":[""],"fave_prop_homeslider":["yes"],"fave_floor_plans_enable":[""],"fave_additional_features_enable":["enable"],"fave_multiunit_plans_enable":["disable"],"floor_plans":["a:0:{}"],"fave_multi_units":["a:0:{}"],"additional_features":["a:0:{}"],"fave_agents":[""],"fave_property_map_address":[""],"fave_property_location":["41.566475,2.0047882,14"],"houzez_geolocation_lat":["41.566475"],"houzez_geolocation_long":["2.0047882"],"fave_property_garage":["1"],"fave_property_garage_size":[""],"fave_property_year":[""],"fave_property_images":["https:\/\/fotoshs.imghs.net\/ext\/1426\/58412558516.142600\/1426_58412558516_989d6321-8627-40c8-b873-c5cfc0f9390f.jpg","18591","18552","18555","18558","18567","18570","18573","18576","18579","18582","18585","18588","18594","18602","18605"],"_vc_post_settings":["a:0:{}"],"fave_property_price_postfix":["m\u00b2"],"fave_property_country":["ES"],"fave_video_url":[""],"fave_video_image":[""],"fave_property_address":["Calle Pit\u00e1goras, 40"],"houzez_total_property_views":["2"],"houzez_views_by_date":["a:1:{s:10:\"04-29-2026\";i:2;}"],"fave_property_map_street_view":["show"],"fave_payment_status":["not_paid"],"slide_template":["default"],"houzez_recently_viewed":["2026-04-29 08:30:10"],"fave_single_top_area":["global"],"fave_single_content_area":["global"],"_houzez_expiration_date_status":["saved"],"_wpml_media_duplicate":["1"],"_wpml_media_featured":["1"],"_dp_original":["150"],"fave_prop_slider_image":["1608"],"fave_property_agency":["-1"],"fave_rating":["a:0:{}"],"_wpml_word_count":["{\"total\":157,\"to_translate\":{\"ca\":157,\"en\":157}}"],"fave_piscina":["No"],"fave_terraza":["No"],"fave_jardin":["No"],"fave_garaje":["S\u00ed"],"fave_ascensor":["No"],"fave_chimenea":["No"],"fave_trastero":["No"],"_wp_page_template":["default"],"_thumbnail_id":["18591"],"fave_attachments":["18591","18552","18555","18558","18567"],"_alp_processed":["1777428712"],"_oembed_418084158bfb6185370edb150ca0818b":["<a class=\"twitter-timeline\" data-width=\"1170\" data-height=\"1000\" data-dnt=\"true\" href=\"https:\/\/twitter.com\/FabraFinques?ref_src=twsrc%5Etfw\">Tweets by FabraFinques<\/a><script async src=\"https:\/\/platform.twitter.com\/widgets.js\" charset=\"utf-8\"><\/script>"],"_oembed_time_418084158bfb6185370edb150ca0818b":["1777430476"]},"_links":{"self":[{"href":"https:\/\/fabrafinques.com\/es\/wp-json\/wp\/v2\/properties\/18598","targetHints":{"allow":["GET"]}}],"collection":[{"href":"https:\/\/fabrafinques.com\/es\/wp-json\/wp\/v2\/properties"}],"about":[{"href":"https:\/\/fabrafinques.com\/es\/wp-json\/wp\/v2\/types\/property"}],"version-history":[{"count":0,"href":"https:\/\/fabrafinques.com\/es\/wp-json\/wp\/v2\/properties\/18598\/revisions"}],"wp:featuredmedia":[{"embeddable":true,"href":"https:\/\/fabrafinques.com\/es\/wp-json\/wp\/v2\/media\/18591"}],"wp:attachment":[{"href":"https:\/\/fabrafinques.com\/es\/wp-json\/wp\/v2\/media?parent=18598"}],"wp:term":[{"taxonomy":"property_type","embeddable":true,"href":"https:\/\/fabrafinques.com\/es\/wp-json\/wp\/v2\/property_type?post=18598"},{"taxonomy":"property_status","embeddable":true,"href":"https:\/\/fabrafinques.com\/es\/wp-json\/wp\/v2\/property_status?post=18598"},{"taxonomy":"property_feature","embeddable":true,"href":"https:\/\/fabrafinques.com\/es\/wp-json\/wp\/v2\/property_feature?post=18598"},{"taxonomy":"property_label","embeddable":true,"href":"https:\/\/fabrafinques.com\/es\/wp-json\/wp\/v2\/property_label?post=18598"},{"taxonomy":"property_city","embeddable":true,"href":"https:\/\/fabrafinques.com\/es\/wp-json\/wp\/v2\/property_city?post=18598"},{"taxonomy":"property_area","embeddable":true,"href":"https:\/\/fabrafinques.com\/es\/wp-json\/wp\/v2\/property_area?post=18598"}],"curies":[{"name":"wp","href":"https:\/\/api.w.org\/{rel}","templated":true}]}}

<p>Este amplio local comercial en Terrassa se encuentra ubicado en la zona de Ca n&#8217;Aurell. Con una superficie total de 446 m², este local destaca por ser adaptado para personas con discapacidad y por contar con características como aire acondicionado (frío y calor), calefacción eléctrica, escaparate, garaje para 2 vehículos y una excelente accesibilidad. El local está en buen estado de conservación y tiene divisiones interiores. Con una altura de 3,55 m, este local en planta baja es exterior y cuenta con una amplia fachada de 18,5 metros. No pierdas la oportunidad de adquirir este local con un nivel energético de emisiones D y un nivel energético de consumo D, ideal para tu negocio.</p>

<p>Este amplio local comercial en Terrassa se encuentra ubicado en la zona de Ca n&#8217;Aurell. Con una superficie total de 446 m², este local destaca por ser adaptado para personas con discapacidad y por contar con características como aire acondicionado (frío y calor), calefacción eléctrica, escaparate, garaje para 2 vehículos y una excelente accesibilidad. El [&hellip;]</p>

Calle Pitágoras, 40 08224 Terrassa, Barcelona

Calle Pitágoras, 40

Sí
